
9
What is the remainder when 262 is divided by 82?
16
What is the remainder when 983 is divided by 17?
14
Calculate the remainder when 6190 is divided by 40.
30
Calculate the remainder when 428 is divided by 29.
22
Calculate the remainder when 550 is divided by 447.
103
What is the remainder when 2247 is divided by 2229?
18
Calculate the remainder when 830 is divided by 11.
5
Calculate the remainder when 173 is divided by 11.
8
Calculate the remainder when 659 is divided by 26.
9
Calculate the remainder when 140 is divided by 15.
5
What is the remainder when 227 is divided by 119?
108
What is the remainder when 97 is divided by 42?
13
What is the remainder when 943 is divided by 324?
295
What is the remainder when 1168 is divided by 97?
4
Calculate the remainder when 89 is divided by 12.
5
What is the remainder when 1588 is divided by 55?
48
Calculate the remainder when 3735 is divided by 51.
12
Calculate the remainder when 554 is divided by 219.
116
What is the remainder when 153 is divided by 50?
3
Calculate the remainder when 118 is divided by 29.
2
Calculate the remainder when 4872 is divided by 694.
14
What is the remainder when 6378 is divided by 319?
317
What is the remainder when 583 is divided by 151?
130
What is the remainder when 339 is divided by 114?
111
Calculate the remainder when 477 is divided by 38.
21
Calculate the remainder when 13547 is divided by 183.
5
Calculate the remainder when 54 is divided by 8.
6
Calculate the remainder when 60 is divided by 32.
28
Calculate the remainder when 1070 is divided by 7.
6
Calculate the remainder when 39931 is divided by 41.
38
Calculate the remainder when 436 is divided by 55.
51
What is the remainder when 42 is divided by 21?
0
What is the remainder when 135 is divided by 71?
64
What is the remainder when 695 is divided by 26?
19
What is the remainder when 256 is divided by 13?
9
Calculate the remainder when 1194 is divided by 529.
136
Calculate the remainder when 438 is divided by 5.
3
What is the remainder when 629 is divided by 45?
44
What is the remainder when 4089 is divided by 41?
30
What is the remainder when 19305 is divided by 43?
41
What is the remainder when 347 is divided by 15?
2
What is the remainder when 916 is divided by 56?
20
What is the remainder when 18 is divided by 5?
3
Calculate the remainder when 102 is divided by 55.
47
What is the remainder when 107 is divided by 35?
2
What is the remainder when 37 is divided by 7?
2
What is the remainder when 145 is divided by 16?
1
Calculate the remainder when 1433 is divided by 711.
11
Calculate the remainder when 3987 is divided by 57.
54
What is the remainder when 173 is divided by 60?
53
What is the remainder when 2790 is divided by 77?
18
What is the remainder when 428 is divided by 17?
3
Calculate the remainder when 461 is divided by 9.
2
What is the remainder when 27264 is divided by 95?
94
Calculate the remainder when 2713 is divided by 143.
139
Calculate the remainder when 3731 is divided by 22.
13
Calculate the remainder when 199 is divided by 25.
24
Calculate the remainder when 50974 is divided by 36.
34
What is the remainder when 400 is divided by 99?
4
Calculate the remainder when 601 is divided by 58.
21
What is the remainder when 8411 is divided by 281?
262
What is the remainder when 100 is divided by 53?
47
What is the remainder when 5579 is divided by 31?
30
What is the remainder when 169 is divided by 9?
7
What is the remainder when 30445 is divided by 14?
9
Calculate the remainder when 629 is divided by 73.
45
Calculate the remainder when 10774 is divided by 12.
10
What is the remainder when 111 is divided by 41?
29
What is the remainder when 2011 is divided by 263?
170
Calculate the remainder when 19 is divided by 12.
7
What is the remainder when 716 is divided by 104?
92
What is the remainder when 5672 is divided by 109?
4
What is the remainder when 615 is divided by 353?
262
Calculate the remainder when 244 is divided by 62.
58
What is the remainder when 117 is divided by 43?
31
What is the remainder when 16984 is divided by 38?
36
What is the remainder when 2356 is divided by 235?
6
Calculate the remainder when 13 is divided by 3.
1
What is the remainder when 82 is divided by 5?
2
What is the remainder when 259 is divided by 86?
1
Calculate the remainder when 898 is divided by 9.
7
Calculate the remainder when 14650 is divided by 91.
90
What is the remainder when 339 is divided by 32?
19
Calculate the remainder when 167 is divided by 16.
7
Calculate the remainder when 3036 is divided by 160.
156
Calculate the remainder when 2515 is divided by 9.
4
What is the remainder when 205 is divided by 26?
23
What is the remainder when 188 is divided by 12?
8
What is the remainder when 1232 is divided by 5?
2
Calculate the remainder when 711 is divided by 331.
49
What is the remainder when 119 is divided by 33?
20
What is the remainder when 917 is divided by 92?
89
What is the remainder when 3468 is divided by 74?
64
What is the remainder when 456 is divided by 123?
87
Calculate the remainder when 462 is divided by 83.
47
Calculate the remainder when 876 is divided by 205.
56
Calculate the remainder when 89 is divided by 46.
43
What is the remainder when 1052 is divided by 33?
29
Calculate the remainder when 333 is divided by 112.
109
What is the remainder when 266 is divided by 67?
65
What is the remainder when 43 is divided by 22?
21
Calculate the remainder when 93 is divided by 48.
45
Calculate the remainder when 32 is divided by 19.
13
What is the remainder when 12973 is divided by 173?
171
Calculate the remainder when 1612 is divided by 17.
14
Calculate the remainder when 161 is divided by 13.
5
Calculate the remainder when 89 is divided by 48.
41
What is the remainder when 311 is divided by 39?
38
What is the remainder when 2580 is divided by 27?
15
What is the remainder when 2711 is divided by 20?
11
What is the remainder when 2572 is divided by 45?
7
What is the remainder when 128 is divided by 23?
13
What is the remainder when 62 is divided by 33?
29
Calculate the remainder when 2593 is divided by 88.
41
Calculate the remainder when 2439 is divided by 71.
25
What is the remainder when 440 is divided by 36?
8
What is the remainder when 207 is divided by 13?
12
Calculate the remainder when 163 is divided by 91.
72
What is the remainder when 2171 is divided by 64?
59
Calculate the remainder when 482 is divided by 18.
14
What is the remainder when 2629 is divided by 2621?
8
What is the remainder when 424 is divided by 109?
97
Calculate the remainder when 703 is divided by 171.
19
What is the remainder when 642 is divided by 158?
10
What is the remainder when 3261 is divided by 20?
1
Calculate the remainder when 950 is divided by 86.
4
Calculate the remainder when 58 is divided by 31.
27
Calculate the remainder when 5963 is divided by 42.
41
Calculate the remainder when 1809 is divided by 114.
99
What is the remainder when 3657 is divided by 20?
17
What is the remainder when 272 is divided by 269?
3
What is the remainder when 12769 is divided by 241?
237
Calculate the remainder when 691 is divided by 48.
19
What is the remainder when 399 is divided by 51?
42
What is the remainder when 251 is divided by 20?
11
Calculate the remainder when 344 is divided by 32.
24
Calculate the remainder when 497 is divided by 122.
9
What is the remainder when 419 is divided by 21?
20
What is the remainder when 118 is divided by 20?
18
What is the remainder when 532 is divided by 49?
42
What is the remainder when 39 is divided by 10?
9
Calculate the remainder when 119 is divided by 42.
35
Calculate the remainder when 916 is divided by 51.
49
Calculate the remainder when 249 is divided by 66.
51
What is the remainder when 265 is divided by 66?
1
What is the remainder when 1034 is divided by 37?
35
Calculate the remainder when 1791 is divided by 592.
15
Calculate the remainder when 387 is divided by 10.
7
Calculate the remainder when 6122 is divided by 62.
46
Calculate the remainder when 1171 is divided by 5.
1
Calculate the remainder when 118 is divided by 25.
18
Calculate the remainder when 4275 is divided by 69.
66
What is the remainder when 1641 is divided by 53?
51
Calculate the remainder when 137 is divided by 46.
45
